me factors of u.
2, 1039
Suppose -8*r - 2*r + 50 = 0. Suppose k = -r*k + 96. List the prime factors of k.
2
Suppose -8 = -2*l + 268. Suppose f - c = l, 5*f + 3*c - 7*c = 694. What are the prime factors of f?
2, 71
Suppose 286 = -2*h + 4*v, 0 = -0*v + v - 2. Let w = -93 - h. Suppose 0 = -5*q - g + w, -2*g + 1 = -g. List the prime factors of q.
3
Let n(b) = 3*b**2 + 8*b + 8. Let a be n(-4). List the prime factors of -1 + 1 + -1 + a.
23
Let k = 44 - 40. What are the prime factors of 123 - ((-4 - (k + -1)) + 4)?
2, 3, 7
Suppose 28 = 4*v + 2*s, -v = 4*v + s - 38. Suppose -v*p = -4*p - 480. What are the prime factors of p?
2, 3, 5
Let j(t) = t - 7. Let d be j(10). What are the prime factors of -2*(-1 + d) - -70?
2, 3, 11
Let r(f) = -62*f + 6. Let d = 107 + -109. List the prime factors of r(d).
2, 5, 13
Let z(h) = h. Let r be z(0). Suppose 2*p + 2 + 0 = r, -y + 4 = -2*p. Suppose -3*f + 107 = -0*f - 2*o, -2*o - 70 = -y*f. List the prime factors of f.
37
Let r(j) be the third derivative of j**5/60 + 3*j**4/8 - j**3/2 + 38*j**2. Let n = -9 + -3. List the prime factors of r(n).
3, 11
Let c = 9 + -15. Let s(h) = 2*h**2 + 7*h - 2. Let g be s(c). Let q = g - 13. List the prime factors of q.
3, 5
Let p(y) = 42*y - 467. What are the prime factors of p(18)?
17
Suppose -s - 17 = -3*a - a, 2*s + 4*a = 2. What are the prime factors of -4 - -2 - -2 - (s + 2)?
3
Let i = -340 - -1993. What are the prime factors of i?
3, 19, 29
Let b = 2191 + -1404. List the prime factors of b.
787
Let w(z) = 2*z**2 - 10*z - 4. Suppose -g = -6*g - 20. List the prime factors of w(g).
2, 17
Suppose -2*o + o = 6. Let q(a) = -a. Let x(y) = -y**2 - y + 12. Let z(t) = o*q(t) + x(t). What are the prime factors of z(6)?
2, 3
Suppose -219*b + 167*b = -299728. What are the prime factors of b?
2, 11, 131
Let i be ((-2)/4)/((-1)/(-8)). Let t be (1 + -26)*i/(-10). List the prime factors of (-18)/(-45) - 126/t.
13
Suppose -3*b + 4*j = -7*b, 4*b = 3*j + 14. Suppose -5*w + 248 = -2*u, -58 = -b*w - 5*u + 18. What are the prime factors of w?
2, 3
Let k(h) = 11*h**2 + 63*h - 24. List the prime factors of k(-13).
2, 127
Let q be (-1 + 14/10 + -1)*-5. Let j(v) = 9*v**2 - 2*v + 4. What are the prime factors of j(q)?
79
Let n(x) be the first derivative of x**5/60 - x**4/8 - 5*x**3/3 - 4*x**2 - 7. Let r(l) be the second derivative of n(l). List the prime factors of r(8).
2, 3, 5
Let h = -3 - -13. List the prime factors of 102*(-4 + 45/h).
3, 17
Let f(t) = -999*t + 1. What are the prime factors of f(-1)?
2, 5
Let x = -8 - -81. Suppose 4*l = -3*r + x, -4*r + 2*l + 149 = -3*l. List the prime factors of r.
31
Let d be 40/10*(-1 - 3/(-2)). What are the prime factors of (18 - 16)/(d/117)?
3, 13
Suppose -5*r = -5*h + 1035, 4*h = r - 4*r - 628. Let v = r + 444. What are the prime factors of v?
2, 59
Let q(o) = 8*o**2 - 2*o + 11. Let b be 4/6 - (-68)/(-12). Let d(j) = 9*j**2 - 2*j + 12. Let p(a) = b*d(a) + 6*q(a). What are the prime factors of p(4)?
2, 23
Let l(r) = -r**3 - 10*r**2 - 9*r + 5. Let g be l(-9). Suppose 3*b - 46 = b + 3*h, -g*h = 20. What are the prime factors of b + (3 - (2 + 3))?
3, 5
Let n(c) = 22*c + 2. Let a be n(4). Suppose -7*t + 5*t = -a. What are the prime factors of (-30)/(-9)*t/10?
3, 5
Let g(n) = n**3 - 7*n**2 + n - 2. Let c be g(7). Let i be c*-2*3/(-5). List the prime factors of (i - -15) + 6/3.
23
Suppose 12 = 31*i - 37*i. Let o(b) = -10*b**2 + 2*b - 9. Let c(f) = -5*f**2 + f - 4. Let s(t) = -9*c(t) + 4*o(t). What are the prime factors of s(i)?
2, 11
List the prime factors of 6/4 + (-132671)/(-154).
863
Let x(w) = w**3 + 10*w**2 - 13*w + 7. Suppose -5*s + 4 - 59 = 0. Let g be x(s). List the prime factors of 1*g + 6/6.
2, 3, 5
Let a = 362 - 85. What are the prime factors of a?
277
Let i(r) = -r**2 + 5*r - 2. Let s be i(2). Suppose s*a - 3*v = 299, 0*v - v = 3*a - 234. What are the prime factors of a?
7, 11
Suppose 2*x = 2*z - 10, 4*x + 6 = 2*z - 0. Let l = 60 - z. List the prime factors of l.
53
Suppose 2*y = -b + 7, -5*y = 2*b + 14 - 32. Let t = -54 - -57. Suppose s - 41 = -t*n, 0*n - 3*n = y*s - 173. List the prime factors of s.
2, 11
Let d(a) = a**2 - 11*a + 6. Let i be (-4)/(-6)*12/1. Let f be d(i). List the prime factors of (-3)/f - (-339)/18.
19
Let y(a) = 7*a**3 - 4*a**2 - 7*a + 37. What are the prime factors of y(5)?
3, 7, 37
Let x be (5 - 151)/(-4 - 4/(-2)). Let n = -70 + x. What are the prime factors of n?
3
Let a(f) = -f + 7. Let t(q) = -q. Let m(z) = 4*z - 1. Let b(w) = -m(w) - 2*t(w). Let l be b(-1). List the prime factors of a(l).
2
Suppose -14*f + 16770 = -f. What are the prime factors of f?
2, 3, 5, 43
Suppose -9*x + 3*w = -5*x - 447, -w = x - 103. List the prime factors of x.
2, 3
Let w(z) be the third derivative of -z**6/720 + z**5/120 - z**4/6 - 2*z**2. Let x(i) be the second derivative of w(i). List the prime factors of x(-9).
2, 5
Let t be (12/30)/((-4)/(-10)). Let r be (-3 + -2)/(t*-1). Suppose -r*p = v - 22 - 6, p = -5*v + 92. What are the prime factors of v?
2, 3
Let t be 6 - (3 - (-4 - -3) - 3). Suppose 765 = -0*g + t*g. List the prime factors of g.
3, 17
Let x(a) = -209*a + 42. Let u(q) = 70*q - 14. Let m(c) = 17*u(c) + 6*x(c). List the prime factors of m(-3).
2, 103
Let d be (-32)/10*(-5)/2. Suppose d*l + 158 = 10*l. Let z = l + -54. What are the prime factors of z?
5
Suppose -3*h = c - 3066, 0 = -h + 124 - 120. What are the prime factors of c?
2, 3, 509
Let u(k) = -k - 13. Let q be u(-11). What are the prime factors of (4 - 5) + (-160)/q?
79
Let b(h) = -h**3 + 14*h**2 + 5*h - 14. Let y be b(6). Let r = y - 167. What are the prime factors of r?
137
Suppose -39*l + 32*l = -7924. What are the prime factors of l?
2, 283
Suppose 281 = 3*y + a, 4*y + 3*a - 211 = 162. Let v = 4 + y. List the prime factors of v.
2, 7
Let u(y) = y**2 - 19. Let x be u(4). What are the prime factors of (-706)/x - 3*4/(-18)?
2, 59
Let z = -429 + 459. List the prime factors of z.
2, 3, 5
Let g(w) = w**2 - 14*w + 30. Let y be g(12). Let m(t) = -t**3 + 11*t**2 + 8*t - 15. What are the prime factors of m(y)?
3, 71
Let l(o) = 7 + 10 - 19 + 31*o. What are the prime factors of l(2)?
2, 3, 5
Suppose -3*q - 4*k + 408 = 0, 3*q + 68 - 494 = 2*k. Let y = q - 80. What are the prime factors of y?
2, 3, 5
Let o(p) = -64*p - 181. List the prime factors of o(-34).
3, 5, 7, 19
Let t = -159 + 78. Let m = t + 241. List the prime factors of m.
2, 5
Let h(p) = -p**2 - 5*p + 7. Let o be h(-6). Let v be 3 - (o - 1) - 0. Suppose v*d = 7*d - 108. List the prime factors of d.
3
Let t = 1717 + -1206. What are the prime factors of t?
7, 73
Let d = -1098 + 3922. What are the prime factors of d?
2, 353
Suppose -11*m + 12*m - 45 = 0. Suppose 36 = 3*v - 5*v. Let x = m + v. What are the prime factors of x?
3
Let s(p) = -5*p - 24. Suppose 0 = -3*i + 15, -2*h + 0 - 11 = 3*i. Let a be s(h). Suppose z - a = -0*z. List the prime factors of z.
41
Let y = 11 + -11. Let v = 2 + y. Suppose -v*r - 2*r = -92. What are the prime factors of r?
23
Suppose 2*t + 4*g - 690 = 0, -2*g + 5*g + 1071 = 3*t. List the prime factors of t.
353
Let y be (-1)/((-4)/(-32)*-2). Let n be y*3*10/12. Let x = 24 - n. What are the prime factors of x?
2, 7
Let d = 2093 - 1338. List the prime factors of d.
5, 151
Let r(x) = -4*x + x**2 + 12 + 10 + 4 - 6. What are the prime factors of r(11)?
97
Suppose 0 = -6*u + 3250 - 88. What are the prime factors of u?
17, 31
Let c = 445 - 140. List the prime factors of c.
5, 61
Suppose -v - 55 = -3*f + 237, 3*v = 5*f - 484. What are the prime factors of f?
2, 7
What are the prime factors of (18/4)/(30/6180)?
3, 103
Let j(o) = 1398*o**3 + 8*o**2 - 6*o - 2. What are the prime factors of j(1)?
2, 3, 233
Let u be (0 - 9)*(6 - 11). Suppose 0 = -x + d + u, -3*x = -4*x + 3*d + 37. List the prime factors of x.
7
Suppose 1 - 16 = 3*k. Let a(w) = w**3 - 8*w**2 - 5*w + 12. Let t be a(8). What are the prime factors of t/(k - -4) - 3?
5
Let d = 2614 - 547. List the prime factors of d.
3, 13, 53
Let h(p) = 12*p + 21. Let g be h(6). Suppose 0 = -4*v + v + g. What are the prime factors of v?
31
Suppose 15*h = 13*h + 40. Suppose 4*k + 0 = h. Suppose 0 = 2*z - k*z + 18. List the prime factors of z.
2, 3
Let n(k) = k**2 - 6*k - 4. Let c be n(4). Let j be (0*3/c)/(-1). Suppose 5*i - w - 94 = -j*w, 4*i = -w + 68. What are the prime facto